Suppose -5*j = -134 - f. What is the remainder when j is divided by 15?
13
Let f be 1/(4/52*1). Suppose -5*b + 4*b + f = 0. What is the remainder when 24 is divided by b?
11
Suppose -4*u + 2 = 2*w - 3*w, -u + 95 = 5*w. Let p = w + 4. What is the remainder when p is divided by 12?
10
Suppose -5*u = -0*u - 110. Suppose z + 15 = 4*z. Let b(y) = y**2 - 2*y - 7. Calculate the remainder when u is divided by b(z).
6
Suppose -r + 0 = -3. Suppose -r*l - 2*l - 40 = 0. What is the remainder when 13 is divided by (-1)/4 - 42/l?
3
Suppose 0 = i - 4 - 7. Calculate the remainder when i is divided by 4 + (-1)/((-4)/12).
4
Suppose 0 = z + 5*x - 2, -23 = -2*z + 3*x + 20. Calculate the remainder when z is divided by 4.
1
Suppose 62*g - 117 = 59*g. Calculate the remainder when g is divided by 14.
11
Let c(j) = j**3 - 5*j**2 + 7*j - 6. Calculate the remainder when 20 is divided by c(4).
2
Suppose 2*k + 28 = -2*k. Let x(a) = -a + 3. What is the remainder when 27 is divided by x(k)?
7
Suppose 0 = 2*v + 12 - 54. What is the remainder when 39 is divided by v?
18
Suppose t - 2*d = 13, -3*t + 6 = 5*d + 22. Suppose t*h + h = 28. Let f(j) = j**2 + j + 6. What is the remainder when f(h) is divided by 21?
20
Let j = -12 - -56. Suppose 5*m + n - 48 = 4*n, -2*m = -3*n - 12. Calculate the remainder when j is divided by m.
8
Suppose 3*r - 3168 = -r. What is the remainder when r/21 - (-2)/7 is divided by 13?
12
Let n be ((-1)/(-1))/(2/8). Suppose a - 10 = -n*o + 1, -o - 10 = -4*a. Suppose -15 = -3*c - o*c. What is the remainder when 8 is divided by c?
2
Let n(b) = b**3 + 7*b**2 - 4*b + 6. Let y be n(-8). Let m = 44 + y. What is the remainder when 35 is divided by m?
17
Let b be 6/10*25/(-5). Let k be -1 - (b + 2 - 0). What is the remainder when 1 is divided by 3 - k - 5 - -3?
0
Let y = 36 - 21. What is the remainder when 27 is divided by y?
12
Suppose 150 - 14 = 2*u. Calculate the remainder when u is divided by 36.
32
Suppose 0 = d - 5*d + 308. What is the remainder when d is divided by 40?
37
Suppose -u + 0*u = -2*q + 33, -4*q + 84 = 4*u. Let n(t) = -t**2 - t + 27. What is the remainder when q is divided by n(4)?
4
Suppose -c + 12 - 9 = 0. Calculate the remainder when 35 is divided by c.
2
Let n(z) = -21*z - 1. Let c = 7 - -4. Calculate the remainder when n(-1) is divided by c.
9
Let j(i) = 9*i - 2. What is the remainder when 99 is divided by j(3)?
24
Suppose -4*c + 60 = 4*y, -3*y + 8 = -2*c + 53. Let o = 50 - c. What is the remainder when 21 is divided by 1/3 + o/3?
10
Let m(l) = l**3 - 7*l**2 + 5*l + 6. Let h be m(6). What is the remainder when 0 - ((-4)/1 - h) is divided by 0 + 2/(2/2)?
0
Calculate the remainder when 67 is divided by 142/6 + (-52)/78.
21
Let w = 97 - 35. Calculate the remainder when w is divided by 16.
14
Let x(a) = a**2 - 2*a + 2. Let t be x(6). Let s = 43 - t. Let q(w) = -w**2 + 32. What is the remainder when q(0) is divided by s?
15
Let c = 136 + -92. Calculate the remainder when c is divided by 15.
14
Suppose 58 - 21 = v + 4*t, 0 = 5*v + 2*t - 203. What is the remainder when 81 is divided by v?
40
Let i(a) = 2 - 2*a + a**3 + a**2 + 5*a**2 - 5*a + 2. Let o be i(-7). Suppose 2*j + 4*v = o, -2*v - 9 = 4*j - 35. What is the remainder when j is divided by 5?
3
Suppose -4*z - 7 = -3*b, -7*b - 4*z = -4*b + 1. Suppose 0 = g - b. What is the remainder when 19 is divided by (28/8)/(g/2)?
5
Calculate the remainder when 3 is divided by 4*(-1)/(-4 + 0).
0
Let v = 25 - 16. Let f = -5 + v. Suppose -f*l + 7*l = 33. Calculate the remainder when l is divided by 4.
3
Let n = 21 + -4. Suppose 3*a = 3*f + 141, 2*f = 3 + 1. What is the remainder when a is divided by n?
15
Let k(c) = 13*c + 8. Let n(y) = -14*y - 7. Let z(g) = 5*k(g) + 6*n(g). Let m = -6 - -12. Calculate the remainder when z(-1) is divided by m.
5
Suppose 4*u = 10*u - 360. Calculate the remainder when u is divided by 8.
4
Suppose -u - 1 + 9 = -4*y, 21 = 2*u - 3*y. Let h be (-3 - 1)*1/(-2). Suppose -l + h = -5. Calculate the remainder when u is divided by l.
5
Suppose -4*y = 5*s - 147, 2*s + 5*y = -s + 83. What is the remainder when s is divided by 7?
3
Let h = -17 + 26. What is the remainder when 15 is divided by h?
6
Let k be 5/(-30) + (-26)/(-12). Suppose -12 - k = -x. Calculate the remainder when 40 is divided by x.
12
Let a = 151 + -43. Suppose -4*v = 7*r - 2*r - a, -10 = -5*v. Calculate the remainder when 78 is divided by r.
18
Suppose -5*g = -2*g. Suppose -5*v + 70 + 30 = g. Let i = -28 - -39. Calculate the remainder when v is divided by i.
9
Let d(i) = i**2 + 9*i - 8. Let t be d(-8). Let c = 6 + t. Calculate the remainder when 22 is divided by 38/5 - 4/c.
6
Let v = 12 + -11. Suppose 0 = 3*k - 4 - 8. Suppose 3*y = 2*b + b + 15, 0 = -2*y - k*b - 8. Calculate the remainder when y is divided by v.
0
Suppose c - 3*l = 30, -2*c + 25 = -2*l + 3*l. Calculate the remainder when 27 is divided by c.
12
Suppose 0*t + t - 6 = 0. Let n(p) = -p**2 + 11*p - 3. Let h be n(t). Suppose 5*d - 197 = -h. What is the remainder when d is divided by 12?
10
Suppose -54 = -2*l + 5*l. Let h = -13 - l. What is the remainder when 7 is divided by h?
2
Let j(b) = -2*b**2 + 3*b - 5*b - 3 + 3*b**2. Let d be j(-2). Suppose h + i - 20 = 0, -h + d*i = 28 - 78. What is the remainder when h is divided by 9?
7
Let x(y) = 2*y - 6. Let l be x(4). Let w be 0 - ((l - 1) + -3). Suppose -13 = -w*t + 7. What is the remainder when 28 is divided by t?
8
Suppose 5*a = a + 52. What is the remainder when 62 is divided by a?
10
Suppose -3*c = 5*h - 4*c - 950, 582 = 3*h - 3*c. Calculate the remainder when h is divided by 64.
61
Let b be 2 + 1*1/(-1). Suppose 2*f - 5 = -5*x, 2*x - 1 - b = 4*f. Suppose -p = -2*m + 21, m + f*m - 3*p - 23 = 0. What is the remainder when m is divided by 5?
3
Let k be ((-21)/(-12))/(3/12). Suppose 1 = 4*o - k. What is the remainder when 3 is divided by o?
1
Suppose 0 = 4*r + 4, -i + 2*r = -0 - 6. Suppose -3*g = 5*l - 124, -i*g - 34 = -0*l - l. Let f = -14 + l. Calculate the remainder when 22 is divided by f.
10
Suppose n - 5*o = 3*n - 61, 0 = n + o - 26. Calculate the remainder when n is divided by 4.
3
Let l = 35 - 22. What is the remainder when 49 is divided by l?
10
Let f = 61 + -101. Let o = f + 71. What is the remainder when o is divided by 16?
15
Let s be -5*((-51)/15 + 3). Suppose -5 = -s*c + 1. Suppose 5*z = -15, -2*q - 4*z + 1 + c = 0. Calculate the remainder when 23 is divided by q.
7
Let g = 62 - 36. Let d(h) = -8*h - 1. Let s be d(-1). Suppose -s*r + 18 = -5*r. Calculate the remainder when g is divided by r.
8
Suppose -6*i + 25 + 77 = 0. Let n = 10 - 1. Calculate the remainder when i is divided by n.
8
Let v(o) = o**3 - 2*o**2 + 5*o - 5. Calculate the remainder when v(2) is divided by 2.
1
Suppose 2 = -5*m - 8. Let o = -2 - m. Suppose -3*x + 22 = 4*n, 5*n + 2*x - 6 - 25 = o. What is the remainder when 20 is divided by n?
6
Let h(t) = -3*t**3 - t**2 + t - 1. Suppose 4*a - 5 = -1. Let v be h(a). Calculate the remainder when 19 is divided by 30/v*(-8)/6.
9
Let y be 10 - 10 - 1*-1. Suppose y = -4*u + 33. What is the remainder when 13 is divided by u?
5
Suppose 5*d - 52 - 48 = 0. Calculate the remainder when 79 is divided by d.
19
Let v be (-6)/5*10/3. Let c(t) = -3*t + 3. Suppose 0 = -6*q + q + 215. Calculate the remainder when q is divided by c(v).
13
Let s = 36 - 17. Calculate the remainder when 2/(-9) + 994/18 is divided by s.
17
Suppose -20*i = -16*i - 196. Calculate the remainder when i is divided by 6.
1
Let l = -22 - -135. Let t = -93 - -15. Let y = l + t. Calculate the remainder when y is divided by 18.
17
Let t = -45 - -58. Let u = 0 - -2. Let z(s) = s**3 - s**2 + 1. What is the remainder when t is divided by z(u)?
3
Suppose 0*c + 8 = 2*c. Suppose -3*r + c = -2*r. Suppose -h = r*h - 175. What is the remainder when h is divided by 18?
17
Suppose -3*r = -261 + 27. What is the remainder when r is divided by 16?
14
Suppose 5*k - 5*c - 15 = 0, -6*c = -4*k - 4*c + 4. Let f be 2*(-3)/(k - -2). What is the remainder when 34 is divided by f/(-27) - (-212)/18?
10
Let d(r) = r + 8. Let a be d(-6). Suppose -5*l + 105 = -a*l. Calculate the remainder when l is divided by 12.
11
Let s(h) = 13*h - 40. What is the remainder when s(7) is divided by 13?
12
Let f(y) = y**3 + 14*y**2 - 7*y - 12. What is the remainder when f(-14)